and 60?
12
What is the highest common divisor of 370 and 1409145?
185
What is the greatest common factor of 31 and 16102857?
31
What is the highest common factor of 4387 and 164?
41
What is the highest common divisor of 5000 and 13375?
125
Calculate the highest common divisor of 8213 and 207235.
191
What is the greatest common factor of 16497 and 468?
117
What is the greatest common factor of 3390646 and 9535?
1907
What is the greatest common factor of 384 and 1518464?
128
What is the highest common factor of 56676 and 48?
12
What is the highest common factor of 1302 and 170436?
42
Calculate the greatest common divisor of 9964 and 2303.
47
What is the greatest common divisor of 3600 and 11600?
400
Calculate the greatest common factor of 51 and 6953.
17
What is the highest common factor of 3620 and 860?
20
Calculate the greatest common divisor of 1210 and 5.
5
Calculate the highest common factor of 14099 and 55170.
613
Calculate the highest common factor of 15920 and 2011890.
1990
What is the highest common divisor of 6450 and 110338?
86
Calculate the highest common divisor of 2213937 and 513.
171
What is the highest common divisor of 3021 and 3763?
53
Calculate the highest common divisor of 164883 and 153.
51
Calculate the greatest common divisor of 2605485 and 45.
15
What is the highest common divisor of 53536 and 448?
224
Calculate the greatest common factor of 91 and 4886.
7
Calculate the greatest common factor of 60675 and 12525.
75
Calculate the highest common factor of 1818600 and 10.
10
Calculate the greatest common factor of 15941 and 513.
19
What is the highest common factor of 1780 and 16?
4
What is the highest common divisor of 100044 and 8?
4
What is the greatest common factor of 175287 and 102?
51
What is the greatest common factor of 102456 and 3528?
72
What is the greatest common factor of 572 and 890968?
52
What is the highest common factor of 209 and 18689?
11
What is the highest common divisor of 27378 and 33124?
338
What is the highest common divisor of 24580 and 1380?
20
What is the greatest common factor of 253 and 616?
11
What is the highest common divisor of 58 and 3169642?
58
Calculate the highest common factor of 3648 and 113544.
456
What is the highest common divisor of 273 and 12516?
21
What is the highest common divisor of 61661 and 1773?
197
What is the greatest common divisor of 610 and 5520?
10
Calculate the greatest common divisor of 1188 and 72792.
108
Calculate the greatest common divisor of 216 and 23238.
18
What is the greatest common factor of 1134 and 2516913?
567
Calculate the highest common factor of 54 and 701379.
27
What is the highest common divisor of 35 and 66724?
7
Calculate the greatest common factor of 5533968 and 96.
48
What is the highest common divisor of 819 and 336546?
63
What is the greatest common divisor of 635538 and 219?
219
Calculate the highest common divisor of 6 and 446.
2
Calculate the highest common factor of 328984 and 3772.
164
Calculate the greatest common divisor of 205774 and 7398.
274
Calculate the greatest common factor of 19 and 689263.
19
Calculate the highest common factor of 126 and 1584936.
18
Calculate the highest common divisor of 668576 and 544.
544
What is the greatest common divisor of 9038 and 34?
2
Calculate the greatest common divisor of 4768 and 5.
1
Calculate the greatest common divisor of 347997 and 780.
39
Calculate the greatest common factor of 1364 and 23064.
124
Calculate the greatest common divisor of 3365 and 260.
5
Calculate the greatest common factor of 3065 and 45.
5
What is the highest common factor of 85 and 5045?
5
Calculate the greatest common factor of 28779 and 159.
159
What is the greatest common divisor of 369 and 1278?
9
Calculate the greatest common factor of 81540 and 40.
20
What is the greatest common factor of 1716 and 4371510?
858
What is the highest common divisor of 66953 and 497?
71
Calculate the greatest common divisor of 24 and 1731328.
8
Calculate the highest common divisor of 468512 and 352.
352
Calculate the highest common divisor of 2387 and 111507.
341
What is the greatest common divisor of 1900 and 2565?
95
Calculate the highest common divisor of 634688 and 12.
4
Calculate the greatest common factor of 119 and 46557.
7
What is the greatest common factor of 110 and 11792?
22
What is the greatest common factor of 686633 and 29?
29
What is the greatest common divisor of 6560 and 21156?
164
What is the highest common divisor of 480 and 183840?
480
Calculate the greatest common divisor of 7254 and 39060.
558
Calculate the highest common divisor of 10 and 1979090.
10
Calculate the greatest common factor of 126 and 510258.
42
Calculate the highest common divisor of 138396 and 15732.
228
What is the greatest common divisor of 189224 and 2170?
434
Calculate the highest common factor of 55676 and 1364.
124
Calculate the highest common divisor of 35046 and 1089.
99
Calculate the highest common factor of 22790 and 6880.
430
What is the greatest common divisor of 13754 and 897?
299
Calculate the greatest common divisor of 4945 and 9245.
215
Calculate the highest common divisor of 116886 and 22.
22
What is the highest common divisor of 64 and 43544?
8
What is the greatest common divisor of 9396 and 26448?
348
What is the highest common divisor of 148 and 79661?
37
Calculate the highest common factor of 43552 and 7712.
32
Calculate the highest common factor of 152 and 97204.
76
Calculate the greatest common divisor of 403 and 3874.
13
What is the greatest common factor of 1932327 and 477?
477
Calculate the greatest common factor of 35397 and 100073.
437
What is the highest common divisor of 10016 and 46637?
313
What is the highest common factor of 1177 and 19602?
11
Calculate the highest common divisor of 168 and 1029.
21
Calculate the highest common factor of 860 and 2177090.
430
Calculate the highest common factor of 204335 and 10.
5
What is the highest common factor of 60 and 10264740?
60
Calculate the greatest common factor of 38 and 5774.
2
Calculate the greatest common divisor of 550 and 43934.
22
What is the highest common divisor of 4370 and 1292?
38
Calculate the greatest common factor of 1191 and 83767.
397
Calculate the highest common factor of 1770785 and 1580.
395
Calculate the highest common factor of 82786 and 994.
142
What is the highest common divisor of 681 and 1025359?
227
What is the greatest common divisor of 148527 and 108?
27
Calculate the highest common factor of 22 and 81862.
22
Calculate the highest common divisor of 4824 and 1407.
201
Calculate the highest common divisor of 455 and 152360.
65
What is the highest common factor of 276221 and 99?
11
Calculate the greatest common factor of 122210 and 225230.
1010
What is the highest common divisor of 45379 and 23?
23
Calculate the highest common divisor of 4743 and 17901.
153
Calculate the highest common divisor of 152 and 17252.
76
Calculate the highest common divisor of 97741 and 28.
7
What is the highest common divisor of 3168 and 289696?
352
Calculate the greatest common factor of 3 and 69568.
1
What is the highest common divisor of 10192 and 53456?
208
Calculate the highest common factor of 1496 and 2754.
34
What is the greatest common divisor of 114 and 1927588?
38
Calculate the greatest common factor of 549 and 112635.
9
Calculate the highest common divisor of 1412 and 12.
4
What is the highest common factor of 1365476 and 28?
28
What is the greatest common factor of 27907 and 53218?
649
What is the greatest common factor of 97784 and 136?
136
Calculate the greatest common factor of 22876 and 437052.
1204
Calculate the highest common factor of 526344 and 21.
21
What is the greatest common factor of 40 and 385610?
10
Calculate the highest common factor of 1312470 and 270.
270
Calculate the highest common factor of 91680 and 480.
480
Calculate the greatest common divisor of 2516 and 14144.
68
Calculate the greatest common factor of 56 and 124528.
8
What is the greatest common divisor of 8435492 and 104?
52
What is the highest common divisor of 384386 and 2?
2
Calculate the highest common divisor of 112000 and 784.
112
Calculate the highest common divisor of 762 and 804926.
254
Calculate the greatest common factor of 154 and 843689.
77
What is the highest co